 -696 = -2*k - 5*l - 161, l = 5*k - s. Let v = k - 180. List the prime factors of v.
3, 5
Let f = -642 - -1112. Suppose -4*b - 66 + f = 0. What are the prime factors of b?
101
Suppose -111*k = -113*k. Suppose k*p + p = 15. What are the prime factors of (-20)/(-3)*(-78)/p*-3?
2, 13
Suppose 0 = -2*d + 2, 0*p - 3*p - 4*d - 1049 = 0. Let x = p - -618. List the prime factors of x.
3, 89
Let v = 22036 + -11466. What are the prime factors of v?
2, 5, 7, 151
Suppose 2*q = -10, -m + 2*m + 11 = -q. Let r be 6 + (0 - (2 + m)). What are the prime factors of 4/r - 852/(-20)?
43
Let d(b) = b**3 + 5*b**2 + 7*b - 22. Let x be d(-7). Let a = x + 248. What are the prime factors of a?
79
Suppose 0 = -a + s + 62352, 3441*s = -3*a + 3439*s + 187091. List the prime factors of a.
11, 5669
Suppose 0 = -6*h - 76 + 16. Let i = -7 - h. Let t(s) = 4*s**3 - 3*s**2 - 3*s + 3. What are the prime factors of t(i)?
3, 5
Let n = 2 - 0. Let w be 6 + (-5 - 46/(-10))*5. Suppose n*g + 6*u - w*u - 126 = 0, -3*u = 9. List the prime factors of g.
2, 3, 11
Let l(f) = 2*f**2 - 14. Let b be ((-22)/(-33))/((-1)/9). Let x be l(b). Let i = 113 - x. List the prime factors of i.
5, 11
Suppose 59 = p + 2*p - 4*l, -l + 129 = 5*p. What are the prime factors of (6480/25)/4*p/5?
2, 3
Suppose -83*x - 44*x = -1815846. List the prime factors of x.
2, 3, 2383
Suppose 5*x - 5*b - 147625 = 0, 116*x - 3*b - 59042 = 114*x. List the prime factors of x.
7, 4219
Let o(d) = -6*d**2 + 29*d - 3. Let v be o(5). List the prime factors of -14*4/v*9.
3, 7
Let m be (28/6 - 8)*-12. Suppose 0 = -5*b + 2*x + 4790, m*b - 42*b - 4*x + 1916 = 0. List the prime factors of b.
2, 479
Let n = 73 - 72. Let c be (6/(-4))/(n + 1096/(-1120)). Let q = 160 + c. List the prime factors of q.
2, 3, 5
Suppose -244*c = 286*c - 25064230. What are the prime factors of c?
19, 131
Let c = -46 - -42. Let a(b) = -11*b**2 - 5*b + 1. Let k be a(c). Let i = k - -302. What are the prime factors of i?
3, 7
Let n(x) = x**3 + 8*x**2 - 8*x - 55. Let b be n(-6). Suppose -2*z - 4925 = -3*t, 0 = 3*t - 66*z + b*z - 4921. What are the prime factors of t?
11, 149
Let z(q) = 37*q - 4. Let p be z(8). Suppose 0 = s + 5*x - 3*x - 88, x = 3*s - p. Let r = -63 + s. List the prime factors of r.
3, 11
Let o(i) = 915*i - 314. Let n be o(5). Let a = -2582 + n. What are the prime factors of a?
23, 73
Suppose -22*q + 51003 + 405052 = -36327. List the prime factors of q.
22381
Suppose 0 = -38*w + 41*w - 9. Suppose 196 = -w*r - z, -r + 0*z = 4*z + 69. Let j = r + 246. What are the prime factors of j?
181
What are the prime factors of 5/(-45)*-3*(29747 - -4)?
47, 211
Let z(a) = 4*a + 10. Let d be z(2). List the prime factors of 2/d + (-40300)/(-180).
2, 7
Let p(g) = -40*g**3 - 4*g**2 + g + 44. What are the prime factors of p(-9)?
28871
Let b(v) = -v**2 - 2*v - 1. Let d be b(-2). Let h be (-9)/d - (-3 + 0). List the prime factors of (2 + 28*-2)/(h/(-18)).
3
Let c = 3729 + 901. List the prime factors of c.
2, 5, 463
Let y = -485 + 485. Suppose -s = -5*z + 2565, 4*z - 7*s + 3*s - 2052 = y. List the prime factors of z.
3, 19
Let f(d) = 13*d + 11. Let n(c) = -1. Let o = 32 - 33. Let l(w) = o*f(w) - 5*n(w). What are the prime factors of l(-10)?
2, 31
Let h = 18 - 19. Let l be h/(2/(-4)) + 4. Suppose -o = l*o - 574. What are the prime factors of o?
2, 41
Let h(a) = 669*a**3 - 10*a**2 + 9*a - 11. What are the prime factors of h(2)?
3, 197
Let a(h) = h**2 + h - 2. Let o(c) = c**2 - 10*c + 3. Let d be o(10). Suppose -4*i + 5 = -d*k, -5*i - 5*k + 6*k + 9 = 0. List the prime factors of a(i).
2
Suppose -172 - 409 = -7*z. Suppose 5*k = -2*m - 1 + 60, 3*m + 2*k - z = 0. What are the prime factors of m?
3
Let p = 9987 + -2594. Suppose 0 = -13*o + 23495 + p. Suppose -o - 456 = -12*t. What are the prime factors of t?
2, 59
Let m = -127 - 186. Let i = m + 797. List the prime factors of i.
2, 11
Suppose -4*v = -2*v - k + 2133, 1065 = -v + 2*k. Let h = 2005 + v. Suppose -h = -4*p - 38. List the prime factors of p.
3, 5
Let h = -14 - -14. Suppose h = 2*d + d + 9. List the prime factors of ((-1365)/(-78))/((d/(-2))/3).
5, 7
Let j = -8430 + 13962. Suppose j = 17*g - 1404. What are the prime factors of g?
2, 3, 17
Suppose -p + 4 = -k + p, -2*p + 4 = 5*k. Suppose k = 23*f - 8*f - 12330. What are the prime factors of f?
2, 3, 137
Let g = -6500 + 17169. What are the prime factors of g?
47, 227
Suppose 0 = 4*s - 2*f - 16108, -41*s + 5*f + 4027 = -40*s. What are the prime factors of s?
4027
Let z(y) = y - 24. Let f be 24 + (-5 + 4 - -3). Let u be z(f). Suppose 524 = u*c - 4*o, 0 = 4*c - 4*o + 769 - 1825. List the prime factors of c.
2, 7, 19
Let l = -58 - -62. Let s be 1/10*(-10)/4*-20. Suppose -l*g = 0, -s*o - 2*g + 400 = -o. List the prime factors of o.
2, 5
What are the prime factors of 1/(2 + 21/(-14)) + (-27080)/(-4)?
2, 1693
Let s be 0 + (-1 - 1) + -2. Let n be ((-2)/s)/(2/(-168)). What are the prime factors of (-59)/(-2) + n/(-28)?
31
Let i = 17537 + -3283. List the prime factors of i.
2, 7127
Let p = -97 - -99. Suppose -27 = -p*s - 3*n, 5*s - 59 = 2*n - n. Suppose -230 = s*a - 782. List the prime factors of a.
2, 23
Let p = 19911 - 6429. List the prime factors of p.
2, 3, 7, 107
Let f(t) = 9*t**3 - t**2 - 11*t - 11. Let h be f(-1). List the prime factors of (32/(-7))/(h/35).
2
Let h(d) = 56*d - 97. Let a be h(7). Let b = -237 + a. List the prime factors of b.
2, 29
Suppose 0*h + 240 = -4*h. Let x be ((-28)/(-8))/(5/h). Let t = x + 137. What are the prime factors of t?
5, 19
Let d(q) = 15*q**3 - 33*q**2 - 36*q - 91. What are the prime factors of d(16)?
5, 7, 13, 23
Let g = 1207 + -462. Let n = 1284 - g. What are the prime factors of n?
7, 11
Let h be ((-4)/12)/(3/((-81)/(-3))). What are the prime factors of h/30*-9322 + 11/(-55)?
2, 233
Let c(o) = o**2 + 8*o - 5. Let h be c(-7). Let w be h/20 + 759/15. Suppose -47*u - w = -48*u. What are the prime factors of u?
2, 5
Suppose 7*w - 5034 = 7699. Suppose 2*a = -7*s + 3*s + 890, -5*s - w = -4*a. List the prime factors of a.
11, 41
Let a = 107 - 105. Suppose 2*t - 10 - 20 = -a*g, -g = -t - 13. Suppose 433 = g*l - 183. List the prime factors of l.
2, 11
Let m(w) = -17*w + 115. Let r be m(5). Suppose -4*p = -3*v - 1825, -r*p = -32*p - 5*v + 945. List the prime factors of p.
2, 5, 23
Suppose 0 = 320*t - 316*t - 2868. Let a = t + -290. What are the prime factors of a?
7, 61
Let o(i) = 55*i + 2. Let a be o(11). Suppose -4*f + a = -6209. What are the prime factors of f/(-36)*3/(-2)?
71
Let p = -97 - -101. Suppose -p*n - 1042 = -6*n. What are the prime factors of n?
521
Suppose -38*r - 57367 = -330787 + 14260. List the prime factors of r.
2, 5, 11, 31
Suppose -12*m - 2044 = -8*m. Suppose 4*y - 3*y + 304 = 0. Let a = y - m. List the prime factors of a.
3, 23
Suppose 13933 = 5*l - 11022. Suppose -4*t + 1045 = -l. List the prime factors of t.
3, 503
Let p = 50 + -47. Suppose l + 5*u - 161 - 145 = 0, p*l = -u + 904. List the prime factors of l.
7, 43
Suppose -7 = -3*u - 2*h, 12 = 5*u + 2*h + h. Suppose u*v = -81 + 993. List the prime factors of v.
2, 19
Let x be (-6)/15*-4 - 4/(-10). Let o(l) = -2109*l. Let m(f) = 31*f. Let c(z) = -407*m(z) - 6*o(z). What are the prime factors of c(x)?
2, 37
Let d(w) = 16*w**3 + 9*w**2 - w - 3. Let p(a) = -a**2 + 7*a - 4. Let r be p(6). List the prime factors of d(r).
3, 53
Suppose 0 = 25*c - 27*c + 50. Suppose c*x = 4*x + 14280. List the prime factors of x.
2, 5, 17
Suppose -4*j - 1421 = 175. Let v = -198 - j. What are the prime factors of v?
3, 67
Let p = 554 + 1233. Let n = 2787 - p. List the prime factors of n.
2, 5
Let b be -59*56/(-21)*(-3)/(-4). Let f be (-4)/(1/(-6)*-3). Let r = b + f. List the prime factors of r.
2, 5, 11
Suppose 5*j - 80140 = 10*o, 0 = 5*j - 26*o + 23*o - 80161. What are the prime factors of j?
2, 8017
Let i(z) = -4*z**3 - 8*z**2 - 34*z - 19. Let j(s) = -4*s**3 - 9*s**2 - 33*s - 18. Let q(o) = -3*i(o) + 4*j(o). What are the prime factors of q(-6)?
3, 199
Suppose -3*f - 3*b = f - 7068, -1762 = -f - 2*b. List the prime factors of f*-1*(6 - (-68)/(-10)).
2, 3, 59
Let p(n) = -2*n**2 - 9*n. Let l be p(-6). Let f = 21 + l. Suppose -y - 91 = -5*j, -2*j + f*j - y = 19. What are the prime factors of j?
2, 3
Suppose x + k = 3, 4*x = -4*k + 3*k + 18. Suppose 0*d = 2*d - x*w + 47, w = -4*d - 39. Let r = d -